t is -9 - 38a0?
-38a9
In base 10, what is 1354 - -40?
1394
In base 3, what is 0 - 1010000002112?
-1010000002112
In base 7, what is -20220 + 2?
-20215
In base 5, what is -24041 - -30?
-24011
In base 10, what is 15854 + -4?
15850
In base 16, what is 215 + -2e?
1e7
In base 14, what is -1b9 - 332?
-50b
In base 15, what is -1 - 5acbd?
-5acbe
In base 8, what is -4 + -33637?
-33643
In base 14, what is -1 - -6a18d?
6a18c
In base 3, what is -11001001002 + 11?
-11001000221
In base 6, what is 123 + 10042?
10205
In base 9, what is 78 + -3025?
-2836
In base 8, what is 714631 - 5?
714624
In base 15, what is 16 - 1a98?
-1a82
In base 16, what is 1 + -54c5?
-54c4
In base 6, what is -5413 - -22?
-5351
In base 5, what is -4411441 + 10?
-4411431
In base 10, what is -28168 + -1?
-28169
In base 7, what is -3 - -23610?
23604
In base 5, what is 214302330 - 10?
214302320
In base 4, what is 132 + -331000?
-330202
In base 9, what is 22 + -184?
-162
In base 9, what is -8 + 275?
266
In base 7, what is 6 + -501611?
-501602
In base 16, what is a89d + -13?
a88a
In base 8, what is 3714041 + -5?
3714034
In base 7, what is -34 - 10345?
-10412
In base 3, what is 2111110221120 - -11?
2111110221201
In base 5, what is 200 + 232412?
233112
In base 4, what is -10 - 1111212301?
-1111212311
In base 5, what is 4103121 - -102?
4103223
In base 12, what is 13 + 2107?
211a
In base 12, what is -31837 - 5?
-31840
In base 3, what is 222000002 + 2121?
222002200
In base 2, what is 100010111 + 1010111?
101101110
In base 16, what is -4 + -32d?
-331
In base 16, what is -27a7 + 6?
-27a1
In base 10, what is 16 + -2204?
-2188
In base 6, what is 1505 + -35345?
-33440
In base 2, what is 101 + -10100110?
-10100001
In base 4, what is -2 - -301202?
301200
In base 5, what is 41144 - -12012?
103211
In base 5, what is -331300 - 10?
-331310
In base 12, what is -77 + 237?
180
In base 9, what is -1471 + 110?
-1361
In base 15, what is -5c - -2c2?
265
In base 7, what is -32063036 - -2?
-32063034
In base 10, what is -5 + 280388?
280383
In base 3, what is 12101 + 10201021?
10220122
In base 10, what is -1258843 + 3?
-1258840
In base 4, what is 3 + 1022121?
1022130
In base 11, what is 64aa + -2?
64a8
In base 3, what is 1021210 - 1112?
1020021
In base 14, what is -16 + 967?
951
In base 4, what is -11232 - 1123?
-13021
In base 5, what is -2401 - -1031?
-1320
In base 14, what is cb2 - -6?
cb8
In base 12, what is 96a3a6 - 3?
96a3a3
In base 2, what is 100 + 1101000001110101?
1101000001111001
In base 9, what is -13368 - 2?
-13371
In base 13, what is 4b - -987?
a05
In base 11, what is 176 + 10418?
10593
In base 14, what is -1299 - 68?
-1323
In base 11, what is 24 + -3a523?
-3a4aa
In base 13, what is 1 + -119c73?
-119c72
In base 10, what is -3113 + 5?
-3108
In base 7, what is 2124 - 2?
2122
In base 3, what is -2220100210 - -22?
-2220100111
In base 11, what is 5 - 1370?
-1366
In base 7, what is 5 - -34556?
34564
In base 5, what is 13012221 - 3?
13012213
In base 11, what is 145a5 + -17?
14589
In base 9, what is 2360 + -460?
1800
In base 11, what is 6185 + -10?
6175
In base 2, what is 100100100100 + -1?
100100100011
In base 13, what is 510 + -a5?
438
In base 15, what is 170 - -188?
308
In base 15, what is -127 + abe?
997
In base 9, what is -253 + -605?
-858
In base 13, what is -2c7904 - -2?
-2c7902
In base 6, what is -5 - -431143?
431134
In base 2, what is -100111000011000 - -101?
-100111000010011
In base 11, what is -4 + 2117a0?
211797
In base 7, what is -31 - 106015?
-106046
In base 8, what is 20230625 + -5?
20230620
In base 5, what is 2 - -1120140?
1120142
In base 9, what is 55 + -1438?
-1373
In base 5, what is -10 + 302332?
302322
In base 2, what is -1010010 - 101010011?
-110100101
In base 10, what is 650017 + 4?
650021
In base 13, what is -8b1 + 134?
-77a
In base 9, what is -1884 + 10?
-1874
In base 15, what is 2880 + -4?
287b
In base 13, what is 0 - 10472?
-10472
In base 10, what is -28838 + -5?
-28843
In base 3, what is -121022122210 + 0?
-121022122210
In base 15, what is -1 + 9e5dd?
9e5dc
In base 15, what is -43 + 13?
-30
In base 7, what is 45 + 162252?
162330
In base 15, what is 569e - -d?
56ac
In base 14, what is -1 - c101?
-c102
In base 2, what is -11 - -11001000111?
11001000100
In base 13, what is 0 + 26c842?
26c842
In base 4, what is 213 + -10221032?
-10220213
In base 6, what is -3020 - 430?
-3450
In base 12, what is 3513 + -71?
3462
In base 15, what is -a4 + 10c?
58
In base 9, what is -8833 + 132?
-8701
In base 5, what is 11311020 + -101?
11310414
In base 12, what is -311a8 - 9?
-311b5
In base 7, what is 210155 + -1?
210154
In base 5, what is -2 + -14132201?
-14132203
In base 7, what is -46626 + 4?
-46622
In base 2, what is -10000000101101 + 100000?
-10000000001101
In base 12, what is -31b - -a7?
-234
In base 5, what is 410003 - 103?
404400
In base 15, what is 2d5 - 889?
-5a4
In base 15, what is 3b9 - -2ca?
694
In base 15, what is 3 - -2deb5?
2deb8
In base 13, what is 2 - -6c36?
6c38
In base 12, what is -2287 - 16?
-22a1
In base 2, what is -10000001101010 + -1?
-10000001101011
In base 14, what is -140a + -cb?
-14d7
In base 8, what is -3422 - 7?
-3431
In base 13, what is -188 - 660?
-818
In base 9, what is 154443 - 0?
154443
In base 8, what is 20 - 65132?
-65112
In base 15, what is -215 - -520?
30a
In base 6, what is 304 - 3355?
-3051
In base 6, what is -3021 - -53?
-2524
In base 5, what is 10343420 - -10?
10343430
In base 5, what is -2330101 + 144?
-2324402
In base 2, what is 0 - 11111101010011010000?
-11111101010011010000
In base 4, what is 10 + -203303?
-203233
In base 16, what is -3d + -3302?
-333f
In base 7, what is -4 - -4050?
4043
In base 14, what is -bb0 - 69?
-c39
In base 2, what is -1 - 1000110111101?
-1000110111110
In base 4, what is 333300 - 130?
333110
In base 9, what is -2 - 166265?
-166267
In base 9, what is -12 - 427?
-440
In base 6, what is 330 + -3043?
-2313
In base 7, what is -1160 - -4065?
2605
In base 11, what is -47 + -885?
-921
In base 4, what is 1112 + 3120?
10232
In base 13, what is -75 + 1729?
1684
In base 14, what is 29 - -1cc?
217
In base 14, what is -1310 - 63?
-1373
In base 16, what is 47a - 101?
379
In base 5, what is -14030 + 31?
-13444
In base 14, what is -4b3d - 4?
-4b43
In base 4, what is -2200 - -2010322?
2002122
In base 15, what is 1 - -24a4?
24a5
In base 9, what is 5 - -27773?
27778
In base 10, what is -300 + -77?
-377
In base 9, what is -185510 - 2?
-185512
In base 3, what is -102222122202 - 2?
-102222122211
In base 14, what is -4 + -117788?
-11778c
In base 2, what is -10011110111110111 - 1?
-10011110111111000
In base 4, what is 3322310320 + -10?
3322310310
In base 16, what is -9 + 166c3?
166ba
In base 4, what is 2112 + -2312?
-200
In base 9, what is -286256 - 8?
-286265
In base 2, what is 100 - 1010110000111001100?
-1010110000111001000
In base 10, what is -1533 + 90?
-1443
In base 2, what is 110111101101001010 + -10?
110111101101001000
In base 16, what is -1 + 13ee?
13ed
In base 10, what is 9005358 - -1?
9005359
In base 14, what is -5 + -dbb?
-dc2
In base 4, what is 122000 + 312?
122312
In base 2, what is -1011011101011 + 101101?
-1011010111110
In base 9, what is -213 + 145?
-57
In base 7, what is -34520 + -430?
-35250
In base 16, what is 1b + 6467?
6482
In base 12, what is 0 - 22765?
-22765
In base 5, what is 1203231023 - -10?
1203231033
In base 10, what is -13 - 4966?
-4979
In base 8, what is -4543 - 347?
-5112
In base 7, what is 11134 - -1322?
12456
In base 15, what is 4 + -71055?
-71051
In base 6, what is 1450215 - -1?
1450220
In base 6, what is -4 + 250331?
250323
In base 12, what is -34 + 147a?
1446
In base 11, what is 0 - 130955?
-130955
In base 6, what is 1152540 - -155?
1153135
In base 9, what is -1 + -42434?
-42435
In base 10, what is 104 - 340?
-236
In base 8, what is 1 + -2105017?
-2105016
In base 10, what is 20 - -25254?
25274
In base 4, what is 332331 + 131?
333122
In base 8, what is 5 + 7313010?
7313015
In base 15, what is -1 + -2533?
-2534
In base 12, what is -1ba9096 - 0?
-1ba9096
In base 8, what is -607 + 53?
-534
In base 8, what is 2 - 361543?
-361541
In base 15, what is -758 - -21?
-737
In base 15, what is 142 - 287?
-145
In base 13, what is 862 + 46?
8a8
In base 15, what is ae3 - 66?
a7c
In base 12, what is -944 + 214?
-730
In base 16, what is -68f6 -